/(-3)*-3 + 2. Suppose 3*z - r = 4*z. Let p = 19 - z. What is the units digit of p?
2
Let t = -584 - -1628. What is the tens digit of t?
4
Let w(b) = -b**3 - 6*b**2 - 5*b + 7. Let m = 21 + -16. Suppose -3*a + m*a = -12. What is the tens digit of w(a)?
3
Suppose 0 = -s - 5*f + 835, 3*s + f = -0*s + 2547. Suppose s = 26*w - 21*w. What is the hundreds digit of w?
1
Suppose 11*d - 4*b = 7*d + 3512, -5*d - 4*b = -4354. What is the tens digit of d?
7
Let n = -58 + 228. Let i = -63 + n. Suppose 0 = -4*a - 11 + i. What is the tens digit of a?
2
Suppose 5*d - 6055 = 5*c, 2*c + 6011 = 5*d - 29. Suppose 0 = -t - 5*t + d. What is the units digit of t?
1
Suppose y = -8*y + 3294. Let l = 691 - y. What is the hundreds digit of l?
3
Suppose 2104 = 31*t - 469. What is the units digit of t?
3
Let x = -2 + -1. Let m(i) = -43*i - 5. What is the hundreds digit of m(x)?
1
Suppose -2*r - 12 = -6*r. Suppose 1 = j + 6, z - 3*j - 19 = 0. Suppose r*v = 2*o - 28, 2*o = z*o + 4*v. What is the units digit of o?
8
Let f(h) = h**3 + h**2 + 2*h + 8. Let n(x) = x**2 - 10*x - 34. Let v be n(13). What is the hundreds digit of f(v)?
1
Suppose i - 2 - 5 = 0. Let n be (-21)/2*(-8)/(-12). What is the tens digit of i/(n/(-2)) - -27?
2
Let q(c) = c**3 - 6*c**2 + 9*c - 1. Let y be q(4). Suppose -m - y*a + 22 = 0, 5*m - 65 = 5*a + 125. What is the tens digit of m?
3
Let k(u) = -2*u + 32. Let b be k(16). Suppose -q + 221 = a, b*q = q - a - 221. What is the units digit of q?
1
Suppose 6*c + 6 - 30 = 0. Suppose -r = -3*w - 2, 2*r + 2 = -c*w + 16. What is the units digit of r?
5
Suppose 3*s + 16 = 5*f + 5*s, -5*f + 4*s - 2 = 0. Let q(c) = -15 - c**3 - 14*c**f - 5*c - 3*c + 8*c**2. What is the tens digit of q(-6)?
3
Let x = 15 + -9. Suppose -t = t - x. Suppose r = t*g - 85, -r = -0*g + g - 27. What is the units digit of g?
8
Let g be 214*3/(-6) - -2. Let v = g + 176. Suppose -4 - v = -3*z. What is the tens digit of z?
2
Let z(w) = 7*w - 4. Let m = 2 - -14. Let o be z(m). Suppose o = 2*f + 5*y, 2*f + 0*f - 2*y - 94 = 0. What is the tens digit of f?
4
Let g be (-4 + 7)*(-23)/3. What is the units digit of (g - -18)/(2/(-36))?
0
Let j = -108 - -106. What is the units digit of (0 - j) + 5082/21?
4
Suppose 42*g + 786 = 48*g. What is the tens digit of g?
3
Let u = -2506 - -4791. What is the tens digit of u?
8
Let n(q) = 18*q - 25. Let h be ((-3)/(-9))/((-6)/(-108)). What is the units digit of n(h)?
3
Let g(f) = 1 + 2*f**2 - f**2 - 16*f + 3*f**2. What is the units digit of g(-5)?
1
Suppose -3*c = -b - 1468, -5*c - 5*b + 1480 = -2*c. What is the units digit of c?
0
Let v be (-6)/8 + (-75)/(-4). What is the tens digit of (14/v - 16/(-72)) + 47?
4
Let u = 681 + -398. What is the tens digit of u?
8
What is the tens digit of 242847/495 + (1 - (-3)/(-5))?
9
What is the units digit of 2/6 - 177*168/(-54)?
1
Let r = 11 + -5. Suppose -r*k + 34 = -4*k. What is the units digit of k?
7
Suppose -2*t = -4*w - 992, -2*w - 1496 = -3*t - 0*w. What is the units digit of t?
0
Suppose -4 = 4*n - 12. Suppose -37 = -2*r + 3*b, -n*r + 57 = -b + 2*b. What is the units digit of (-150)/2*r/(-39)?
0
Let a = 303 + -157. What is the tens digit of a?
4
Suppose -d = -2*o - 17, -o + 6*o - 2*d + 42 = 0. Let x = -8 - o. Let q(r) = -r**3 + r + 11. What is the units digit of q(x)?
1
Let x(p) = 93*p + 28. What is the tens digit of x(4)?
0
Suppose 68*s - 528 = 64*s. What is the tens digit of s?
3
Suppose -10*m + 15 = -5*m. Let v = m + 1. Suppose 117 = v*q + 17. What is the tens digit of q?
2
Let k(a) = 2*a + 3. Let q be k(0). Suppose 29 = -q*s + 308. What is the units digit of s?
3
Let w(i) = -4*i**2 + 12*i + 15. Let k(p) = 3*p**2 - 13*p - 15. Let h(z) = 3*k(z) + 2*w(z). What is the hundreds digit of h(22)?
1
What is the units digit of 425 + 1 - (2 - (2 + 0))?
6
Suppose -r + 154 = -130. Suppose 5*l + r = 2*t, 3*t = -4*l + 277 + 103. What is the tens digit of t?
3
Let h(n) = -209*n + 3. Let v be h(-1). Suppose -s - 41 = -f, v = 4*f - 3*s + 52. Suppose -a = 5*w - f, 0*w + 4*w = -4*a + 132. What is the units digit of a?
2
Let l(u) = -3*u**2 + 8*u. Let a be l(4). Let w = a + 20. Suppose w*m - 112 = -0*m. What is the tens digit of m?
2
Suppose -6*t + 573 = -363. What is the tens digit of t?
5
Suppose 0 = -4*v + 1060 + 1156. What is the units digit of v?
4
Let l(n) = n**3 - 24*n**2 + 7*n + 5. Let g be l(24). Suppose -71 = -i + g. What is the hundreds digit of i?
2
What is the tens digit of ((-4)/(-6))/(3*(-8)/(-6588))?
8
Suppose 2*b - 537 = 5*m + 1110, 2433 = 3*b + 5*m. What is the units digit of b?
6
Suppose 3*v + 4*h - 815 = 0, 5*v - 579 - 798 = -2*h. What is the tens digit of v?
7
Suppose x + 3*x + 88 = -4*g, 30 = -x - 3*g. Let b = x - -50. What is the units digit of b?
2
Let f(v) = 8*v + 4. Let n be f(2). Suppose -n = -4*i - i. Suppose 0 = -i*b + 3 + 17. What is the units digit of b?
5
Suppose 2*b + 7 = 3*h, 0 = h - 6*b + 3*b. Suppose -139 = -h*u + 212. What is the hundreds digit of u?
1
Let b be 4*6/8*2. Suppose b*i = i. Let a = i + 5. What is the units digit of a?
5
Let p = -141 - -243. Suppose -2*w + p = -w. What is the hundreds digit of w?
1
Suppose -176 = 24*o - 22*o. Let m = o - -174. What is the tens digit of m?
8
Let l(t) = -t**3 + 9*t**2 - 9*t + 12. Let m be l(7). Suppose -53*c + 54*c - m = 0. What is the units digit of c?
7
Let q(y) be the second derivative of -4/3*y**3 + 0 - 3*y**2 - 6*y - 1/12*y**4. What is the units digit of q(-7)?
1
Let s be (0 + -6)/(2/11). What is the tens digit of (-6)/s + 1640/55?
3
Let j be 2/((-2)/(-3)) - -3. Let g = j - -19. What is the units digit of g?
5
Let v = -107 - -301. What is the hundreds digit of v?
1
Let c(h) be the first derivative of h**4/4 - h**3/3 - 6*h**2 + 10*h - 29. What is the units digit of c(5)?
0
Suppose -2*j = -5*c + 134, -2*c + 51 = 3*j + 5. Let g = c + 196. What is the units digit of g?
2
Let a(h) = 36*h - 3. Suppose 54 + 2 = 14*p. What is the hundreds digit of a(p)?
1
Let b(w) = -13*w**3 + 4*w**3 + 1 - 6*w**3 + 3*w + 42*w**2 - 39*w**2. What is the tens digit of b(-1)?
1
Let c(f) = -f + 8. Let h be c(8). Let q(x) = -x**3 + x**2 + x + 792. Let z be q(h). What is the tens digit of z/77 - 4/14?
1
Let i = 9302 + -6224. What is the tens digit of i?
7
Let i(w) be the second derivative of -3*w**5/20 + w**3/3 + 2*w. What is the tens digit of i(-2)?
2
Let u(i) = 292*i + 884. What is the hundreds digit of u(12)?
3
Suppose 2*p - 7*p + 450 = 0. Suppose 4*v = -v - p. What is the tens digit of 1*-10*v/15?
1
Let s(h) = h**3 + h**2. Let z(t) = 4*t**3 + 5*t**2 + 3*t + 2. Let f(i) = 3*s(i) - z(i). Let m be f(-2). What is the tens digit of (m - 5)/((-1)/19)?
1
Let v(c) = 17 - c - 14*c**2 + c**3 - 1 + 0*c. Let b be v(14). What is the units digit of -3*(4/3 - b)?
2
Suppose 0*p - 3*p - 4*j = -184, -4*j - 156 = -2*p. Suppose -6*t = -398 + p. What is the units digit of t?
5
Let m = 19 + -18. Suppose -k - 3*z + 9 = m, 3*k + 3*z = 12. Suppose 5*l = -r + 341, 7*l - 353 = k*l + 2*r. What is the tens digit of l?
6
Suppose -6*n = -12*n + 2646. What is the hundreds digit of n?
4
Suppose -1707 - 4404 = -5*a - 4*l, 5*a - l - 6116 = 0. What is the units digit of a?
3
Suppose 0 = -3*i - 3*j + 1107, -j + 1044 = 4*i - 420. What is the units digit of i?
5
Let y(l) = l. Suppose 11 = 5*h + 3*r, -3*h = 2*r - 0*r - 6. Let w be y(h). Suppose 3*v - 78 = -4*k, -k + w*k - 52 = -2*v. What is the units digit of v?
6
Suppose -5*d + 6*d = 3. Suppose d*o - 9 = 0, -7*o = -a - 3*o + 4. What is the tens digit of a?
1
Let q = 368 - -699. Suppose -2*n = -5*c + q, -3*n - 150 - 913 = -5*c. What is the tens digit of c?
1
Let x(w) = w. Let o be (-17 + 20)*(-2)/(-6). Let i(z) = 30*z - 5. Let y(g) = o*i(g) + x(g). What is the units digit of y(2)?
7
Let u = -401 + 1001. What is the tens digit of (u/(-20))/(1/(-5))?
5
Let w be ((-14)/4 - -1)*-10. Suppose -9 + 34 = 5*h. Let m = w - h. What is the units digit of m?
0
Let n = -594 - -380. Let z = n - -303. Let w = z + -42. What is the tens digit of w?
4
Suppose 5*i + 2*v = -2*v + 273, 116 = 2*i + 5*v. Suppose -4*p + 21 - i = 0. Let q = p + 28. What is the units digit of q?
0
Suppose p + 5*m - 290 = 0, 5*p + m = -0*p + 1426. Suppose 2*h + p - 896 = -5*x, -x - 5*h + 113 = 0. What is the tens digit of x?
2
Suppose -32*c + 9010 = 2*c. What is the tens digit of c?
6
Let d = 499 - 847. Let w = 